1982663.
79, 25097
What are the prime factors of 1194411?
3, 43, 47, 197
List the prime factors of 525289.
37, 14197
List the prime factors of 454835.
5, 17, 5351
What are the prime factors of 4419032?
2, 552379
What are the prime factors of 4112718?
2, 3, 685453
What are the prime factors of 726837?
3, 242279
List the prime factors of 2274399.
3, 43, 653
List the prime factors of 4827689.
1663, 2903
What are the prime factors of 1659645?
3, 5, 13, 2837
List the prime factors of 429128.
2, 7, 79, 97
List the prime factors of 146308.
2, 79, 463
List the prime factors of 584821.
23, 47, 541
What are the prime factors of 60616?
2, 7577
List the prime factors of 10618079.
401, 26479
List the prime factors of 2093395.
5, 613, 683
List the prime factors of 506178.
2, 3, 61, 461
List the prime factors of 6880778.
2, 53, 139, 467
List the prime factors of 589013.
503, 1171
List the prime factors of 239853.
3, 17, 4703
List the prime factors of 104457.
3, 34819
List the prime factors of 1575787.
577, 2731
List the prime factors of 290765.
5, 58153
What are the prime factors of 5994581?
2113, 2837
List the prime factors of 665383.
317, 2099
What are the prime factors of 3182012?
2, 795503
What are the prime factors of 6306170?
2, 5, 13, 179, 271
What are the prime factors of 13836766?
2, 6918383
List the prime factors of 7254974.
2, 61, 59467
List the prime factors of 1963021.
1217, 1613
List the prime factors of 29506.
2, 14753
What are the prime factors of 2275540?
2, 5, 113777
List the prime factors of 9672425.
5, 7, 19, 2909
What are the prime factors of 1325727?
3, 13, 1259
List the prime factors of 1157260.
2, 5, 13, 4451
What are the prime factors of 123681?
3, 41227
List the prime factors of 1363521.
3, 454507
List the prime factors of 2193182.
2, 389, 2819
List the prime factors of 698409.
3, 25867
List the prime factors of 2613384.
2, 3, 37, 109
What are the prime factors of 1650799?
691, 2389
List the prime factors of 226315.
5, 45263
List the prime factors of 18564828.
2, 3, 1547069
What are the prime factors of 348382?
2, 373, 467
List the prime factors of 43438878.
2, 3, 7, 344753
List the prime factors of 1281352.
2, 160169
What are the prime factors of 4285938?
2, 3, 17, 42019
List the prime factors of 140111.
140111
List the prime factors of 82759.
82759
What are the prime factors of 15735560?
2, 5, 61, 6449
List the prime factors of 468266.
2, 137, 1709
List the prime factors of 354404.
2, 41, 2161
List the prime factors of 453197.
453197
What are the prime factors of 42094505?
5, 8418901
List the prime factors of 7868815.
5, 67, 83, 283
What are the prime factors of 261398?
2, 130699
What are the prime factors of 733265?
5, 13, 29, 389
List the prime factors of 2405045.
5, 481009
List the prime factors of 1669328.
2, 101, 1033
List the prime factors of 39816.
2, 3, 7, 79
What are the prime factors of 15369048?
2, 3, 71153
List the prime factors of 38851.
38851
List the prime factors of 988216.
2, 123527
What are the prime factors of 393097?
393097
What are the prime factors of 3391159?
199, 17041
What are the prime factors of 2725285?
5, 545057
What are the prime factors of 3384515?
5, 676903
List the prime factors of 12123476.
2, 3030869
What are the prime factors of 359340?
2, 3, 5, 53, 113
List the prime factors of 28744342.
2, 11, 23, 56807
What are the prime factors of 3312884?
2, 828221
What are the prime factors of 2273548?
2, 568387
List the prime factors of 8722518.
2, 3, 7, 207679
List the prime factors of 72319.
13, 5563
List the prime factors of 73257.
3, 24419
List the prime factors of 2064450.
2, 3, 5, 13763
What are the prime factors of 90183?
3, 23, 1307
List the prime factors of 38114.
2, 17, 19, 59
What are the prime factors of 49796?
2, 59, 211
List the prime factors of 448852.
2, 112213
What are the prime factors of 2252465?
5, 450493
List the prime factors of 5497414.
2, 13, 23, 29, 317
What are the prime factors of 2515190?
2, 5, 251519
List the prime factors of 214302.
2, 3, 11, 17, 191
List the prime factors of 10221444.
2, 3, 31, 43, 71
What are the prime factors of 885779?
251, 3529
What are the prime factors of 99854?
2, 49927
List the prime factors of 3104314.
2, 983, 1579
What are the prime factors of 23434993?
17, 1378529
List the prime factors of 206685.
3, 5, 1531
What are the prime factors of 1050111?
3, 19, 23, 89
What are the prime factors of 539275?
5, 11, 37, 53
List the prime factors of 8147902.
2, 7, 53, 79, 139
What are the prime factors of 36652568?
2, 773, 5927
List the prime factors of 310539.
3, 17, 6089
What are the prime factors of 120995?
5, 7, 3457
List the prime factors of 13753.
17, 809
List the prime factors of 5900692.
2, 7, 210739
What are the prime factors of 298470?
2, 3, 5, 9949
What are the prime factors of 1240594?
2, 620297
What are the prime factors of 299588?
2, 74897
What are the prime factors of 1751019?
3, 583673
What are the prime factors of 1333918?
2, 666959
List the prime factors of 493453.
47, 10499
List the prime factors of 144425.
5, 53, 109
What are the prime factors of 61448?
2, 7681
What are the prime factors of 458952?
2, 3, 13, 1471
What are the prime factors of 4257638?
2, 7, 11, 27647
List the prime factors of 31610324.
2, 7902581
What are the prime factors of 11211437?
11211437
List the prime factors of 4400231.
11, 307, 1303
List the prime factors of 229203.
3, 13, 653
What are the prime factors of 7512?
2, 3, 313
List the prime factors of 436578.
2, 3, 72763
List the prime factors of 26807154.
2, 3, 11, 406169
What are the prime factors of 107758?
2, 7, 43, 179
List the prime factors of 84534.
2, 3, 73, 193
What are the prime factors of 2704741?
13, 208057
List the prime factors of 79168.
2, 1237
What are the prime factors of 802749?
3, 29, 9227
List the prime factors of 1228980.
2, 3, 5, 20483
What are the prime factors of 3152910?
2, 3, 5, 105097
What are the prime factors of 1622317?
1091, 1487
What are the prime factors of 21416226?
2, 3, 13, 17, 31, 521
List the prime factors of 211587.
3, 70529
What are the prime factors of 329714?
2, 7, 11, 2141
List the prime factors of 233649.
3, 13, 1997
List the prime factors of 14156.
2, 3539
What are the prime factors of 2448699?
3, 11, 74203
What are the prime factors of 381734?
2, 31, 47, 131
List the prime factors of 12499203.
3, 29, 143669
List the prime factors of 8640410.
2, 5, 23, 37567
List the prime factors of 4465311.
3, 101, 14737
List the prime factors of 5855778.
2, 3, 101, 3221
What are the prime factors of 331747?
13, 151
List the prime factors of 470404.
2, 11, 10691
What are the prime factors of 166045?
5, 11, 3019
What are the prime factors of 193567?
11, 17597
What are the prime factors of 221829?
3, 73943
List the prime factors of 3853335.
3, 5, 256889
List the prime factors of 1904362.
2, 71, 13411
What are the prime factors of 9111162?
2, 3, 29, 52363
What are the prime factors of 2630990?
2, 5, 307, 857
What are the prime factors of 17534407?
11, 1594037
What are the prime factors of 1073902?
2, 31, 17321
What are the prime factors of 321093?
3, 35677
List the prime factors of 1720225.
5, 13, 67, 79
List the prime factors of 274008.
2, 3, 7, 233
What are the prime factors of 1026678?
2, 3, 137, 1249
What are the prime factors of 386928?
2, 3, 2687
List the prime factors of 16957286.
2, 29, 292367
What are the prime factors of 6499270?
2, 5, 17, 38231
List the prime factors of 231167.
31, 7457
List the prime factors of 94868.
2, 37, 641
What are the prime factors of 28464685?
5, 23, 247519
What are the prime factors of 358375?
5, 47, 61
What are the prime factors of 203531?
203531
List the prime factors of 596860.
2, 5, 11, 2713
What are the prime factors of 369119?
369119
List the prime factors of 16406035.
5, 3281207
What are the prime factors of 2447?
2447
List the prime factors of 7576094.
2, 3788047
What are the prime factors of 4412016?
2, 3, 7, 1459
What are the prime factors of 760017?
3, 37, 41, 167
List the prime factors of 10140665.
5, 449, 4517
What are the prime factors of 20284030?
2, 5, 13, 337, 463
List the prime factors of 630532.
2, 7, 3217
What are the prime factors of 600501?
3, 11, 31, 587
What are the prime factors of 4366796?
2, 7, 83, 1879
What are the prime 